{"id":5492,"date":"2024-09-22T13:43:26","date_gmt":"2024-09-22T13:43:26","guid":{"rendered":"https:\/\/mrtoilet.co.uk\/?post_type=product&#038;p=5492"},"modified":"2026-02-08T12:46:56","modified_gmt":"2026-02-08T12:46:56","slug":"vitra-integra-entegre-taharet-musluklu-asma-klozet-54-cm","status":"publish","type":"product","link":"https:\/\/mrtoilet.co.uk\/?product=vitra-integra-entegre-taharet-musluklu-asma-klozet-54-cm","title":{"rendered":"Vitra Integra Entegre Taharet Musluklu Asma Klozet 54 Cm"},"content":{"rendered":"<table>\n<tbody>\n<tr>\n<td>Marka:<\/td>\n<td>Vitra<\/td>\n<\/tr>\n<tr>\n<td>\u00dcr\u00fcn Ad\u0131:<\/td>\n<td>Vitra Integra Rim-ex Kanals\u0131z ve Entegre Ara Musluklu Asma Klozet<\/td>\n<\/tr>\n<tr>\n<td>\u00dcr\u00fcn Kodu:<\/td>\n<td>7041B003-1584<\/td>\n<\/tr>\n<tr>\n<td>Seri:<\/td>\n<td>Integra<\/td>\n<\/tr>\n<tr>\n<td>Renk:<\/td>\n<td>Beyaz<\/td>\n<\/tr>\n<tr>\n<td>Klozet Kapa\u011f\u0131:<\/td>\n<td>Kapak Hari\u00e7<\/td>\n<\/tr>\n<tr>\n<td>Y\u00fczey (S\u0131r \u00d6zelli\u011fi):<\/td>\n<td>Standart<\/td>\n<\/tr>\n<tr>\n<td>Su Tasarrufu:<\/td>\n<td>3-6 litre<\/td>\n<\/tr>\n<tr>\n<td>Taharet Borusu Giri\u015f:<\/td>\n<td>S\u0131va alt\u0131<\/td>\n<\/tr>\n<tr>\n<td>Taharet Borusu:<\/td>\n<td>Var<\/td>\n<\/tr>\n<tr>\n<td>Yetkili Servis Hizmeti:<\/td>\n<td>Var<\/td>\n<\/tr>\n<tr>\n<td>\u00dccretsiz Montaj:<\/td>\n<td>Yok<\/td>\n<\/tr>\n<tr>\n<td>Garanti S\u00fcresi:<\/td>\n<td>10 y\u0131l<\/td>\n<\/tr>\n<tr>\n<td>\u00dcretim Yeri:<\/td>\n<td>T\u00fcrkiye<\/td>\n<\/tr>\n<tr>\n<td>\u00d6l\u00e7\u00fcler:<\/td>\n<td>540&#215;355 mm<\/td>\n<\/tr>\n<tr>\n<td>Uyar\u0131 ve Genel A\u00e7\u0131klamalar:<\/td>\n<td>Klozet Kapa\u011f\u0131 hari\u00e7tir, ayr\u0131ca sipari\u015f edilmelidir. 108-003-311, 108-003-001 ve 108-003-009 kodlu klozet kapaklar\u0131 ile uyumludur. Standart kartu\u015flu entegre ara musluklu (s\u0131cak ve so\u011fuk su kar\u0131\u015ft\u0131rabilme \u00f6zelli\u011fi vard\u0131<\/td>\n<\/tr>\n<\/tbody>\n<\/table>\n<p>&nbsp;<\/p>\n","protected":false},"excerpt":{"rendered":"<p>Marka: Vitra \u00dcr\u00fcn Ad\u0131: Vitra Integra Rim-ex Kanals\u0131z ve Entegre Ara Musluklu Asma Klozet \u00dcr\u00fcn Kodu: 7041B003-1584 Seri: Integra Renk: Beyaz Klozet Kapa\u011f\u0131: Kapak Hari\u00e7 Y\u00fczey (S\u0131r \u00d6zelli\u011fi): Standart Su<\/p>\n","protected":false},"featured_media":5493,"comment_status":"open","ping_status":"closed","template":"","meta":{"_acf_changed":false},"product_cat":[239],"product_tag":[],"class_list":{"0":"post-5492","1":"product","2":"type-product","3":"status-publish","4":"has-post-thumbnail","6":"product_cat-klozet","8":"first","9":"instock","10":"shipping-taxable","11":"purchasable","12":"product-type-simple","13":"add-to-wishlist-after_add_to_cart"},"acf":[],"_links":{"self":[{"href":"https:\/\/mrtoilet.co.uk\/index.php?rest_route=\/wp\/v2\/product\/5492","targetHints":{"allow":["GET"]}}],"collection":[{"href":"https:\/\/mrtoilet.co.uk\/index.php?rest_route=\/wp\/v2\/product"}],"about":[{"href":"https:\/\/mrtoilet.co.uk\/index.php?rest_route=\/wp\/v2\/types\/product"}],"replies":[{"embeddable":true,"href":"https:\/\/mrtoilet.co.uk\/index.php?rest_route=%2Fwp%2Fv2%2Fcomments&post=5492"}],"wp:featuredmedia":[{"embeddable":true,"href":"https:\/\/mrtoilet.co.uk\/index.php?rest_route=\/wp\/v2\/media\/5493"}],"wp:attachment":[{"href":"https:\/\/mrtoilet.co.uk\/index.php?rest_route=%2Fwp%2Fv2%2Fmedia&parent=5492"}],"wp:term":[{"taxonomy":"product_cat","embeddable":true,"href":"https:\/\/mrtoilet.co.uk\/index.php?rest_route=%2Fwp%2Fv2%2Fproduct_cat&post=5492"},{"taxonomy":"product_tag","embeddable":true,"href":"https:\/\/mrtoilet.co.uk\/index.php?rest_route=%2Fwp%2Fv2%2Fproduct_tag&post=5492"}],"curies":[{"name":"wp","href":"https:\/\/api.w.org\/{rel}","templated":true}]}}